{"id":4912,"date":"2024-12-21T20:31:47","date_gmt":"2024-12-21T19:31:47","guid":{"rendered":"https:\/\/manidiforbici.it\/salone-pesaro\/product\/phon-da-viaggio-ghd-flight\/"},"modified":"2026-04-16T03:40:11","modified_gmt":"2026-04-16T02:40:11","slug":"phon-da-viaggio-ghd-flight","status":"publish","type":"product","link":"https:\/\/manidiforbici.it\/salone-pesaro\/product\/phon-da-viaggio-ghd-flight\/","title":{"rendered":"PHON DA VIAGGIO GHD FLIGHT+"},"content":{"rendered":"<p>Il\u00a0<strong>nuovo asciugacapelli da viaggio ghd flight+<\/strong>\u00a0\u00e8 potente, portatile e garantisce performances di qualit\u00e0. Il compagno di viaggio perfetto, senza compromessi di stile.<br \/>\nCon il\u00a0<strong>78% di potenza di un asciugacapelli di dimensioni standard<\/strong>, il phon da viaggio ghd flight+ \u00e8 dotato di un motore a corrente continua e di una concentrazione di aria calda in grado di asciugare i capelli velocemente, ovunque tu sia nel mondo.<\/p>\n<p><strong>Pi\u00f9 leggero del 49%<\/strong>* e\u00a0<strong>pi\u00f9 piccolo del 25%*<\/strong>, questo asciugacapelli da viaggio piccolo e potente offre un&#8217;asciugatura senza sforzo e di lunga durata su tutti i tipi di capelli grazie all&#8217;avanzata tecnologia a ioni. Dotato anche di un\u00a0<strong>manico pieghevole<\/strong>, potrai mettere il tuo ghd flight+ in valigia ottenendo cos\u00ec uno spazio extra.<\/p>\n<p>Con\u00a0<strong>doppio voltaggio e un design premium<\/strong>, puoi dire addio al phon per capelli dell&#8217;hotel e dare il benvenuto al tuo nuovo compagno di viaggio: il phon da viaggio pieghevole ghd flight+!<\/p>\n<p><app-ghd-product-details-tab role=\"tabpanel\" id=\"product-tab-body-details\" tabindex=\"1\" aria-labelledby=\"product-tab-head-details\" class=\"ng-star-inserted\"><\/p>\n<div class=\"product-details-wrap\">\n<div class=\"product-details-item ng-star-inserted\">\n<div class=\"product-details-thumb ng-star-inserted\"><app-ghd-picture><picture class=\"ng-star-inserted\"><source media=\"(min-width: 1024px)\" srcset=\"https:\/\/media.ghdhair.com\/images\/product\/629_Flight+_Feature_Image_1_global.jpg?v=1684158285884&amp;impolicy=ProductDetailsImage\"><img decoding=\"async\" loading=\"eager\" alt=\"\" src=\"https:\/\/media.ghdhair.com\/images\/product\/629_Flight+_Feature_Image_1_global.jpg?v=1684158285884&amp;impolicy=ProductDetailsImage\"><\/picture><!----><\/app-ghd-picture><\/div>\n<p><!----><\/p>\n<div class=\"product-details-info\">\n<h3>Cos&#8217;\u00e8 incluso?<\/h3>\n<div class=\"rich-text\">\n<p>Ghd flight+ comprende una pochette da portare sempre con te.<\/p>\n<\/div>\n<\/div>\n<\/div>\n<div class=\"product-details-item ng-star-inserted\">\n<div class=\"product-details-thumb ng-star-inserted\"><app-ghd-picture><picture class=\"ng-star-inserted\"><source media=\"(min-width: 1024px)\" srcset=\"https:\/\/media.ghdhair.com\/images\/product\/629_Flight+_Feature_Image_2_global.jpg?v=1684160130718&amp;impolicy=ProductDetailsImage\"><img decoding=\"async\" loading=\"eager\" alt=\"\" src=\"https:\/\/media.ghdhair.com\/images\/product\/629_Flight+_Feature_Image_2_global.jpg?v=1684160130718&amp;impolicy=ProductDetailsImage\"><\/picture><!----><\/app-ghd-picture><\/div>\n<p><!----><\/p>\n<div class=\"product-details-info\">\n<h3>Lussuosa pochette abbinata<\/h3>\n<div class=\"rich-text\">\n<p>Proteggi il tuo ghd flight+ con la sua lussuosa pochette abbinata.<\/p>\n<\/div>\n<\/div>\n<\/div>\n<div class=\"product-details-item ng-star-inserted\">\n<div class=\"product-details-thumb ng-star-inserted\"><app-ghd-picture><picture class=\"ng-star-inserted\"><source media=\"(min-width: 1024px)\" srcset=\"https:\/\/media.ghdhair.com\/images\/product\/629_Flight+_Feature_Image_3_global.jpg?v=1684160168692&amp;impolicy=ProductDetailsImage\"><img decoding=\"async\" loading=\"eager\" alt=\"\" src=\"https:\/\/media.ghdhair.com\/images\/product\/629_Flight+_Feature_Image_3_global.jpg?v=1684160168692&amp;impolicy=ProductDetailsImage\"><\/picture><!----><\/app-ghd-picture><\/div>\n<p><!----><\/p>\n<div class=\"product-details-info\">\n<h3>Controllo della velocit\u00e0 e della temperatura<\/h3>\n<div class=\"rich-text\">\n<p>Velocit\u00e0 e potenza variabili per un maggior controllo di styling.<\/p>\n<\/div>\n<\/div>\n<\/div>\n<div class=\"product-details-item ng-star-inserted\">\n<div class=\"product-details-thumb ng-star-inserted\"><app-ghd-picture><picture class=\"ng-star-inserted\"><source media=\"(min-width: 1024px)\" srcset=\"https:\/\/media.ghdhair.com\/images\/product\/629_Flight+_Feature_Image_4_global.jpg?v=1684160475869&amp;impolicy=ProductDetailsImage\"><img decoding=\"async\" loading=\"eager\" alt=\"\" src=\"https:\/\/media.ghdhair.com\/images\/product\/629_Flight+_Feature_Image_4_global.jpg?v=1684160475869&amp;impolicy=ProductDetailsImage\"><\/picture><!----><\/app-ghd-picture><\/div>\n<p><!----><\/p>\n<div class=\"product-details-info\">\n<h3>Design compatto ed ergonomico<\/h3>\n<div class=\"rich-text\">\n<p>Asciugacapelli da viaggio leggero (453g compreso di cavo e beccuccio), ergonomico e con manico pieghevole per una maggiore facilit\u00e0 di trasporto.&nbsp;<\/p>\n<\/div>\n<\/div>\n<\/div>\n<div class=\"product-details-item ng-star-inserted\">\n<div class=\"product-details-thumb ng-star-inserted\"><app-ghd-picture><picture class=\"ng-star-inserted\"><source media=\"(min-width: 1024px)\" srcset=\"https:\/\/media.ghdhair.com\/images\/product\/629_Flight+_Feature_Image_5_global.jpg?v=1684160558257&amp;impolicy=ProductDetailsImage\"><img decoding=\"async\" loading=\"eager\" alt=\"\" src=\"https:\/\/media.ghdhair.com\/images\/product\/629_Flight+_Feature_Image_5_global.jpg?v=1684160558257&amp;impolicy=ProductDetailsImage\"><\/picture><!----><\/app-ghd-picture><\/div>\n<p><!----><\/p>\n<div class=\"product-details-info\">\n<h3>Flusso d&#8217;aria potente<\/h3>\n<div class=\"rich-text\">\n<p>Compatto ma potente, il phon per capelli ghd flight genera un flusso d&#8217;aria alla temperatura di 65\u00b0C.<\/p>\n<\/div>\n<\/div>\n<\/div>\n<div class=\"product-details-item ng-star-inserted\">\n<div class=\"product-details-thumb ng-star-inserted\"><app-ghd-picture><picture class=\"ng-star-inserted\"><source media=\"(min-width: 1024px)\" srcset=\"https:\/\/media.ghdhair.com\/images\/product\/629_Flight+_Feature_Image_6_global.jpg?v=1684160700762&amp;impolicy=ProductDetailsImage\"><img decoding=\"async\" loading=\"eager\" alt=\"\" src=\"https:\/\/media.ghdhair.com\/images\/product\/629_Flight+_Feature_Image_6_global.jpg?v=1684160700762&amp;impolicy=ProductDetailsImage\"><\/picture><!----><\/app-ghd-picture><\/div>\n<p><!----><\/p>\n<div class=\"product-details-info\">\n<h3>Tecnologia di sicurezza<\/h3>\n<div class=\"rich-text\">\n<p>Spegne il phon automaticamente quando \u00e8 troppo vicino ai capelli per evitare che si surriscaldino.<\/p>\n<\/div>\n<\/div>\n<\/div>\n<div class=\"product-details-item ng-star-inserted\">\n<div class=\"product-details-thumb ng-star-inserted\"><app-ghd-picture><picture class=\"ng-star-inserted\"><source media=\"(min-width: 1024px)\" srcset=\"https:\/\/media.ghdhair.com\/images\/product\/470_Feature_Image_5ITA.jpg?v=1687527764478&amp;impolicy=ProductDetailsImage\"><img decoding=\"async\" loading=\"eager\" alt=\"\" src=\"https:\/\/media.ghdhair.com\/images\/product\/470_Feature_Image_5ITA.jpg?v=1687527764478&amp;impolicy=ProductDetailsImage\"><\/picture><!----><\/app-ghd-picture><\/div>\n<p><!----><\/p>\n<div class=\"product-details-info\">\n<h3>Doppio voltaggio<\/h3>\n<div class=\"rich-text\">\n<p>Funziona a 240V e 120V cos\u00ec da poter ottenere un good hair day ovunque ti trovi.<\/p>\n<\/div>\n<\/div>\n<\/div>\n<p><!----><\/div>\n<p><\/app-ghd-product-details-tab><\/p>\n<p><app-ghd-product-features tabindex=\"0\" aria-labelledby=\"features\" class=\"ng-star-inserted\"><\/p>\n<div class=\"product-features-wrap\">\n<div class=\"product-features-banner ng-star-inserted\"><!----><app-ghd-video-banner class=\"ng-star-inserted\"><\/p>\n<div class=\"video-banner-main-container LIGHT NONE ng-star-inserted\"><!----><\/p>\n<div class=\"video-banner-media-container\"><app-ghd-video class=\"video-banner-video ng-star-inserted\"><video controls=\"\" class=\"video-component video-banner-video ng-star-inserted\" preload=\"metadata\"><source src=\"https:\/\/media.ghdhair.com\/videos\/product\/Pegasus_Tech_HR_IT.mp4?v=1687785920510#t=0.1\" type=\"video\/mp4\"><\/video><!----><!----><!----><!----><!----><!----><\/app-ghd-video><!----><\/div>\n<\/div>\n<p><!----><\/app-ghd-video-banner><!----><\/div>\n<div class=\"product-features-banner ng-star-inserted\"><app-ghd-full-media-banner class=\"ng-star-inserted\"><\/p>\n<div appghdclickable=\"\" class=\"full-media-banner-main-container DARK PX5 ng-star-inserted\">\n<div class=\"full-media-banner-media-container RIGHT\"><app-ghd-picture class=\"full-media-banner-image ng-star-inserted\"><picture class=\"ng-star-inserted\"><source media=\"(min-width: 1024px)\" srcset=\"https:\/\/media.ghdhair.com\/images\/product\/629_PDP_TechBanner_Flight+_1_ita.jpg?v=1687526183677&amp;impolicy=FullMediaBannerDesktop\"><img decoding=\"async\" loading=\"eager\" alt=\"\" src=\"https:\/\/media.ghdhair.com\/images\/product\/629_PDP_TechBanner_Flight+_1_ita.jpg?v=1687526183677&amp;impolicy=FullMediaBannerRight\" class=\"full-media-banner-image\"><\/picture><!----><\/app-ghd-picture><!----><!----><\/div>\n<div class=\"full-media-banner-text-container RIGHT\"><!----><!----><\/p>\n<div class=\"ng-star-inserted\">\n<h2 class=\"full-media-banner-headline ng-star-inserted\"> DESIGN COMPATTO <\/h2>\n<p><!----><\/div>\n<p><!----><\/p>\n<div class=\"full-media-banner-content rich-text DARK ng-star-inserted\">\n<p>Dotato di manico pieghevole, ghd flight+ \u00e8 il 49% pi\u00f9 leggero* e il 25%* pi\u00f9 piccolo.<br \/>\nPortalo in viaggio con te senza occupare troppo spazio.<\/p>\n<\/div>\n<p><!----><!----><!----><\/div>\n<\/div>\n<p><!----><\/app-ghd-full-media-banner><!----><!----><\/div>\n<div class=\"product-features-banner ng-star-inserted\"><app-ghd-full-media-banner class=\"ng-star-inserted\"><\/p>\n<div appghdclickable=\"\" class=\"full-media-banner-main-container DARK PX5 ng-star-inserted\">\n<div class=\"full-media-banner-media-container LEFT\"><app-ghd-picture class=\"full-media-banner-image ng-star-inserted\"><picture class=\"ng-star-inserted\"><source media=\"(min-width: 1024px)\" srcset=\"https:\/\/media.ghdhair.com\/images\/product\/629_PDP_TechBanner_Flight+_2_global(1).jpg?v=1688027245703&amp;impolicy=FullMediaBannerDesktop\"><img decoding=\"async\" loading=\"eager\" alt=\"\" src=\"https:\/\/media.ghdhair.com\/images\/product\/629_PDP_TechBanner_Flight+_2_global(1).jpg?v=1688027245703&amp;impolicy=FullMediaBannerLeft\" class=\"full-media-banner-image\"><\/picture><!----><\/app-ghd-picture><!----><!----><\/div>\n<div class=\"full-media-banner-text-container LEFT\"><!----><!----><\/p>\n<div class=\"ng-star-inserted\">\n<h2 class=\"full-media-banner-headline ng-star-inserted\"> PICCOLO MA POTENTE <\/h2>\n<p><!----><\/div>\n<p><!----><\/p>\n<div class=\"full-media-banner-content rich-text DARK ng-star-inserted\">\n<p>Con il 78% di potenza di un asciugacapelli di dimensioni standard*, ghd flight+ ti permette di ottenere good hair day ovunque ti trovi.<\/p>\n<p>&nbsp;<\/p>\n<p>*rispetto a ghd air<\/p>\n<\/div>\n<p><!----><!----><!----><\/div>\n<\/div>\n<p><!----><\/app-ghd-full-media-banner><!----><!----><\/div>\n<div class=\"product-features-banner ng-star-inserted\"><app-ghd-full-media-banner class=\"ng-star-inserted\"><\/p>\n<div appghdclickable=\"\" class=\"full-media-banner-main-container DARK PX5 ng-star-inserted\">\n<div class=\"full-media-banner-media-container RIGHT\"><app-ghd-picture class=\"full-media-banner-image ng-star-inserted\"><picture class=\"ng-star-inserted\"><source media=\"(min-width: 1024px)\" srcset=\"https:\/\/media.ghdhair.com\/images\/product\/629_PDP_TechBanner_Flight+_3_global_ita.jpg?v=1687526617859&amp;impolicy=FullMediaBannerDesktop\"><img decoding=\"async\" loading=\"eager\" alt=\"\" src=\"https:\/\/media.ghdhair.com\/images\/product\/629_PDP_TechBanner_Flight+_3_global_ita.jpg?v=1687526617859&amp;impolicy=FullMediaBannerRight\" class=\"full-media-banner-image\"><\/picture><!----><\/app-ghd-picture><!----><!----><\/div>\n<div class=\"full-media-banner-text-container RIGHT\"><!----><!----><\/p>\n<div class=\"ng-star-inserted\">\n<h2 class=\"full-media-banner-headline ng-star-inserted\"> REALIZZA IL TUO STYLING OVUNQUE <\/h2>\n<p><!----><\/div>\n<p><!----><\/p>\n<div class=\"full-media-banner-content rich-text DARK ng-star-inserted\">\n<p>Con sistema a doppio voltaggio, puoi sentirti libera di realizzare le tue acconciature ovunque ti trovi.<\/p>\n<\/div>\n<p><!----><!----><!----><\/div>\n<\/div>\n<p><!----><\/app-ghd-full-media-banner><!----><!----><\/div>\n<p><!----><\/div>\n<p><\/app-ghd-product-features><\/p>\n","protected":false},"excerpt":{"rendered":"<p>Il\u00a0nuovo asciugacapelli da viaggio ghd flight+\u00a0\u00e8 potente, portatile e garantisce performances di qualit\u00e0. Il compagno di viaggio perfetto, senza compromessi di stile. Con il\u00a078% di potenza di un asciugacapelli di dimensioni standard, il phon da viaggio ghd flight+ \u00e8 dotato di un motore a corrente continua e di una concentrazione di aria calda in grado<\/p>\n","protected":false},"featured_media":5004,"template":"","meta":[],"product_cat":[48],"product_tag":[],"class_list":{"0":"post-4912","1":"product","2":"type-product","3":"status-publish","4":"has-post-thumbnail","6":"product_cat-phon-ghd","8":"first","9":"instock","10":"sale","11":"sold-individually","12":"shipping-taxable","13":"purchasable","14":"product-type-simple"},"aioseo_notices":[],"_links":{"self":[{"href":"https:\/\/manidiforbici.it\/salone-pesaro\/wp-json\/wp\/v2\/product\/4912","targetHints":{"allow":["GET"]}}],"collection":[{"href":"https:\/\/manidiforbici.it\/salone-pesaro\/wp-json\/wp\/v2\/product"}],"about":[{"href":"https:\/\/manidiforbici.it\/salone-pesaro\/wp-json\/wp\/v2\/types\/product"}],"wp:featuredmedia":[{"embeddable":true,"href":"https:\/\/manidiforbici.it\/salone-pesaro\/wp-json\/wp\/v2\/media\/5004"}],"wp:attachment":[{"href":"https:\/\/manidiforbici.it\/salone-pesaro\/wp-json\/wp\/v2\/media?parent=4912"}],"wp:term":[{"taxonomy":"product_cat","embeddable":true,"href":"https:\/\/manidiforbici.it\/salone-pesaro\/wp-json\/wp\/v2\/product_cat?post=4912"},{"taxonomy":"product_tag","embeddable":true,"href":"https:\/\/manidiforbici.it\/salone-pesaro\/wp-json\/wp\/v2\/product_tag?post=4912"}],"curies":[{"name":"wp","href":"https:\/\/api.w.org\/{rel}","templated":true}]}}