{"id":5060,"date":"2025-05-13T21:27:20","date_gmt":"2025-05-13T20:27:20","guid":{"rendered":"https:\/\/manidiforbici.it\/salone-pesaro\/?post_type=product&#038;p=5060"},"modified":"2026-04-16T03:30:17","modified_gmt":"2026-04-16T02:30:17","slug":"nuova-ghd-wave-triple-barrel-waver","status":"publish","type":"product","link":"https:\/\/manidiforbici.it\/salone-pesaro\/product\/nuova-ghd-wave-triple-barrel-waver\/","title":{"rendered":"NUOVA GHD WAVE TRIPLE BARREL WAVER"},"content":{"rendered":"<div class=\"product-details-wrap\">\n<div class=\"product-details-item ng-star-inserted\">\n<div class=\"product-details-thumb ng-star-inserted\"><app-ghd-picture><picture class=\"ng-star-inserted\"><source srcset=\"https:\/\/media.ghdhair.com\/images\/product\/700_Wave_Feature_Image_1_IT.jpg?v=1744965612939&amp;impolicy=ProductDetailsImage\" media=\"(min-width: 1024px)\"><img decoding=\"async\" ghdimagepolicy=\"\" _nghost-ng-c3505905901=\"\" loading=\"eager\" alt=\"\" src=\"https:\/\/media.ghdhair.com\/images\/product\/700_Wave_Feature_Image_1_IT.jpg?v=1744965612939&amp;impolicy=ProductDetailsImage\"><\/picture><!----><!----><\/app-ghd-picture><\/div>\n<p><!----><\/p>\n<div class=\"product-details-info\">\n<h3>Tecnologia avanzata ghd<\/h3>\n<div class=\"rich-text\">\n<p>Con sensori di temperatura doppi per mantenere la temperatura ottimale di 185 \u00b0C in modo constante.<\/p>\n<\/div>\n<\/div>\n<\/div>\n<div class=\"product-details-item ng-star-inserted\">\n<div class=\"product-details-thumb ng-star-inserted\"><app-ghd-picture><picture class=\"ng-star-inserted\"><source srcset=\"https:\/\/media.ghdhair.com\/images\/product\/700_Wave_Feature_Image_2_Global.jpg?v=1743157636540&amp;impolicy=ProductDetailsImage\" media=\"(min-width: 1024px)\"><img decoding=\"async\" ghdimagepolicy=\"\" _nghost-ng-c3505905901=\"\" loading=\"eager\" alt=\"\" src=\"https:\/\/media.ghdhair.com\/images\/product\/700_Wave_Feature_Image_2_Global.jpg?v=1743157636540&amp;impolicy=ProductDetailsImage\"><\/picture><!----><!----><\/app-ghd-picture><\/div>\n<p><!----><\/p>\n<div class=\"product-details-info\">\n<h3>Cilindri ergonomici ridisegnati<\/h3>\n<div class=\"rich-text\">\n<p>3 ampi cilindri progettati per ottenere risultati professionali su diverse lunghezze di capelli.<\/p>\n<\/div>\n<\/div>\n<\/div>\n<div class=\"product-details-item ng-star-inserted\">\n<div class=\"product-details-thumb ng-star-inserted\"><app-ghd-picture><picture class=\"ng-star-inserted\"><source srcset=\"https:\/\/media.ghdhair.com\/images\/product\/700_Wave_Feature_Image_3_Global.jpg?v=1743157685332&amp;impolicy=ProductDetailsImage\" media=\"(min-width: 1024px)\"><img decoding=\"async\" ghdimagepolicy=\"\" _nghost-ng-c3505905901=\"\" loading=\"eager\" alt=\"\" src=\"https:\/\/media.ghdhair.com\/images\/product\/700_Wave_Feature_Image_3_Global.jpg?v=1743157685332&amp;impolicy=ProductDetailsImage\"><\/picture><!----><!----><\/app-ghd-picture><\/div>\n<p><!----><\/p>\n<div class=\"product-details-info\">\n<h3>Styling senza pieghe<\/h3>\n<div class=\"rich-text\">\n<p>Bordi morbidi e curvi per evitare segni e pieghe alla radice, garantendo onde uniformi e naturali.<\/p>\n<\/div>\n<\/div>\n<\/div>\n<div class=\"product-details-item ng-star-inserted\">\n<div class=\"product-details-thumb ng-star-inserted\"><app-ghd-picture><picture class=\"ng-star-inserted\"><source srcset=\"https:\/\/media.ghdhair.com\/images\/product\/700_Wave_Feature_Image_4_Global.jpg?v=1743160245193&amp;impolicy=ProductDetailsImage\" media=\"(min-width: 1024px)\"><img decoding=\"async\" ghdimagepolicy=\"\" _nghost-ng-c3505905901=\"\" loading=\"eager\" alt=\"\" src=\"https:\/\/media.ghdhair.com\/images\/product\/700_Wave_Feature_Image_4_Global.jpg?v=1743160245193&amp;impolicy=ProductDetailsImage\"><\/picture><!----><!----><\/app-ghd-picture><\/div>\n<p><!----><\/p>\n<div class=\"product-details-info\">\n<h3>Punta fredda<\/h3>\n<div class=\"rich-text\">\n<p>Per un maggiore controllo e comfort durante lo styling.<\/p>\n<\/div>\n<\/div>\n<\/div>\n<div class=\"product-details-item ng-star-inserted\">\n<div class=\"product-details-thumb ng-star-inserted\"><app-ghd-picture><picture class=\"ng-star-inserted\"><source srcset=\"https:\/\/media.ghdhair.com\/images\/product\/700_Wave_Feature_Image_5_Global.jpg?v=1743160649733&amp;impolicy=ProductDetailsImage\" media=\"(min-width: 1024px)\"><img decoding=\"async\" ghdimagepolicy=\"\" _nghost-ng-c3505905901=\"\" loading=\"eager\" alt=\"\" src=\"https:\/\/media.ghdhair.com\/images\/product\/700_Wave_Feature_Image_5_Global.jpg?v=1743160649733&amp;impolicy=ProductDetailsImage\"><\/picture><!----><!----><\/app-ghd-picture><\/div>\n<p><!----><\/p>\n<div class=\"product-details-info\">\n<h3>Supporto di sicurezza integrato<\/h3>\n<div class=\"rich-text\">\n<p>Permette di appoggiare il ferro a onde in modo sicuro durante l&#8217;uso.<\/p>\n<\/div>\n<\/div>\n<\/div>\n<div class=\"product-details-item ng-star-inserted\">\n<div class=\"product-details-thumb ng-star-inserted\"><app-ghd-picture><picture class=\"ng-star-inserted\"><source srcset=\"https:\/\/media.ghdhair.com\/images\/product\/662_Feature_Image_SLEEPMODE_ITA.png?v=1744897368948&amp;impolicy=ProductDetailsImage\" media=\"(min-width: 1024px)\"><img decoding=\"async\" ghdimagepolicy=\"\" _nghost-ng-c3505905901=\"\" loading=\"eager\" alt=\"\" src=\"https:\/\/media.ghdhair.com\/images\/product\/662_Feature_Image_SLEEPMODE_ITA.png?v=1744897368948&amp;impolicy=ProductDetailsImage\"><\/picture><!----><!----><\/app-ghd-picture><\/div>\n<p><!----><\/p>\n<div class=\"product-details-info\">\n<h3>Modalit\u00e0 spegnimento automatico<\/h3>\n<div class=\"rich-text\">\n<p>Si spegne automaticamente dopo 60 minuti di inattivit\u00e0, per una maggiore sicurezza.<\/p>\n<\/div>\n<\/div>\n<\/div>\n<div class=\"product-details-item ng-star-inserted\">\n<div class=\"product-details-thumb ng-star-inserted\"><app-ghd-picture><picture class=\"ng-star-inserted\"><source srcset=\"https:\/\/media.ghdhair.com\/images\/product\/700_Wave_Feature_Image_7_Global.jpg?v=1743161123518&amp;impolicy=ProductDetailsImage\" media=\"(min-width: 1024px)\"><img decoding=\"async\" ghdimagepolicy=\"\" _nghost-ng-c3505905901=\"\" loading=\"eager\" alt=\"\" src=\"https:\/\/media.ghdhair.com\/images\/product\/700_Wave_Feature_Image_7_Global.jpg?v=1743161123518&amp;impolicy=ProductDetailsImage\"><\/picture><!----><!----><\/app-ghd-picture><\/div>\n<p><!----><\/p>\n<div class=\"product-details-info\">\n<h3>Cavo professionale da 2,7m<\/h3>\n<div class=\"rich-text\">\n<p>Massima flessibilit\u00e0 per uno styling comodo e senza limiti.<\/p>\n<\/div>\n<\/div>\n<\/div>\n<div class=\"product-details-item ng-star-inserted\">\n<div class=\"product-details-thumb ng-star-inserted\"><app-ghd-picture><picture class=\"ng-star-inserted\"><source srcset=\"https:\/\/media.ghdhair.com\/images\/product\/TEMP_Feature_Image_5_IT.jpg?v=1744897604628&amp;impolicy=ProductDetailsImage\" media=\"(min-width: 1024px)\"><img decoding=\"async\" ghdimagepolicy=\"\" _nghost-ng-c3505905901=\"\" loading=\"eager\" alt=\"\" src=\"https:\/\/media.ghdhair.com\/images\/product\/TEMP_Feature_Image_5_IT.jpg?v=1744897604628&amp;impolicy=ProductDetailsImage\"><\/picture><!----><!----><\/app-ghd-picture><\/div>\n<p><!----><\/p>\n<div class=\"product-details-info\">\n<h3>Temperatura ottimale di 185\u00b0C<\/h3>\n<div class=\"rich-text\">\n<p>Onde perfette a lunga durata, senza danni da calore estremo\u00b2.<\/p>\n<\/div>\n<\/div>\n<\/div>\n<p><!----><\/div>\n<div class=\"product-features-wrap\">\n<div class=\"product-features-banner ng-star-inserted\"><!----><app-ghd-video-banner class=\"ng-star-inserted\"><\/p>\n<div class=\"video-banner-main-container DARK PX5 ng-star-inserted\">\n<div class=\"video-banner-text-container BOTTOM ng-star-inserted\">\n<h2 class=\"video-banner-heading ng-star-inserted\"> LA SCIENZA DELLO STYLING <\/h2>\n<p><!----><\/p>\n<div class=\"video-banner-body rich-text ng-star-inserted\">\n<p>ghd Wave \u00e8 progettato con un design leggero e cilindri ergonomici ridisegnati per un controllo totale e onde senza pieghe.<\/p>\n<\/div>\n<p><!----><!----><!----><\/div>\n<p><!----><\/p>\n<div class=\"video-banner-media-container\"><app-ghd-video class=\"video-banner-video ng-star-inserted\"><video controls=\"\" class=\"video-component video-banner-video ng-star-inserted\" preload=\"metadata\"><source src=\"https:\/\/media.ghdhair.com\/images\/product\/LOWQ_WAVETECHVIDEO_16X9_IT.mp4?v=1745396119127#t=0.1\" type=\"video\/mp4\"><\/video><!----><!----><!----><!----><!----><!----><\/app-ghd-video><!----><\/div>\n<\/div>\n<p><!----><\/app-ghd-video-banner><!----><\/div>\n<div class=\"product-features-banner ng-star-inserted\"><app-ghd-full-media-banner class=\"ng-star-inserted\"><\/p>\n<div appghdclickable=\"\" class=\"full-media-banner-main-container DARK PX5 ng-star-inserted\">\n<div class=\"full-media-banner-media-container LEFT\"><app-ghd-picture class=\"full-media-banner-image ng-star-inserted\"><picture class=\"ng-star-inserted\"><source srcset=\"https:\/\/media.ghdhair.com\/images\/product\/700PDP_TechBanner_Wave_2_Right@3x_IT.jpg?v=1744963695997&amp;impolicy=FullMediaBannerDesktop\" media=\"(min-width: 1024px)\"><img decoding=\"async\" ghdimagepolicy=\"\" _nghost-ng-c3505905901=\"\" loading=\"eager\" alt=\"\" src=\"https:\/\/media.ghdhair.com\/images\/product\/700PDP_TechBanner_Wave_2_Right@3x_IT.jpg?v=1744963695997&amp;impolicy=FullMediaBannerLeft\" class=\"full-media-banner-image\"><\/picture><!----><!----><\/app-ghd-picture><!----><!----><\/div>\n<div class=\"full-media-banner-text-container LEFT\"><!----><!----><\/p>\n<div class=\"ng-star-inserted\">\n<h2 class=\"full-media-banner-headline ng-star-inserted\"> TECNOLOGIA AVANZATA GHD <\/h2>\n<p><!----><\/div>\n<p><!----><\/p>\n<div class=\"full-media-banner-content rich-text DARK ng-star-inserted\">\n<p>Dotato di doppi sensori di temperatura per garantire 185\u00b0C costanti su tutti e tre i cilindri, senza danni da calore estremo\u00b2.<\/p>\n<\/div>\n<p><!----><!----><!----><\/div>\n<\/div>\n<p><!----><\/app-ghd-full-media-banner><!----><!----><\/div>\n<div class=\"product-features-banner ng-star-inserted\"><app-ghd-full-media-banner class=\"ng-star-inserted\"><\/p>\n<div appghdclickable=\"\" class=\"full-media-banner-main-container DARK PX5 ng-star-inserted\">\n<div class=\"full-media-banner-media-container RIGHT\"><app-ghd-picture class=\"full-media-banner-image ng-star-inserted\"><picture class=\"ng-star-inserted\"><source srcset=\"https:\/\/media.ghdhair.com\/images\/product\/700_PDP_TechBanner_Wave_2_Left_Global.jpg?v=1743090267123&amp;impolicy=FullMediaBannerDesktop\" media=\"(min-width: 1024px)\"><img decoding=\"async\" ghdimagepolicy=\"\" _nghost-ng-c3505905901=\"\" loading=\"eager\" alt=\"\" src=\"https:\/\/media.ghdhair.com\/images\/product\/700_PDP_TechBanner_Wave_2_Left_Global.jpg?v=1743090267123&amp;impolicy=FullMediaBannerRight\" class=\"full-media-banner-image\"><\/picture><!----><!----><\/app-ghd-picture><!----><!----><\/div>\n<div class=\"full-media-banner-text-container RIGHT\"><!----><!----><\/p>\n<div class=\"ng-star-inserted\">\n<h2 class=\"full-media-banner-headline ng-star-inserted\"> CILINDRI ERGONOMICI RIDISEGNATI <\/h2>\n<p><!----><\/div>\n<p><!----><\/p>\n<div class=\"full-media-banner-content rich-text DARK ng-star-inserted\">\n<p>Tre cilindri da 32 mm per uno styling rapido e semplice, con onde perfette in soli 3 secondi. La clip dal bordo morbido evita segni e pieghe per risultati sempre impeccabili.<\/p>\n<\/div>\n<p><!----><!----><!----><\/div>\n<\/div>\n<p><!----><\/app-ghd-full-media-banner><!----><!----><\/div>\n<div class=\"product-features-banner ng-star-inserted\"><app-ghd-full-media-banner class=\"ng-star-inserted\"><\/p>\n<div appghdclickable=\"\" class=\"full-media-banner-main-container DARK PX5 ng-star-inserted\">\n<div class=\"full-media-banner-media-container LEFT\"><app-ghd-picture class=\"full-media-banner-image ng-star-inserted\"><picture class=\"ng-star-inserted\"><source srcset=\"https:\/\/media.ghdhair.com\/images\/product\/700PDP_TechBanner_Wave_1_Right@3x_IT.jpg?v=1744963735215&amp;impolicy=FullMediaBannerDesktop\" media=\"(min-width: 1024px)\"><img decoding=\"async\" ghdimagepolicy=\"\" _nghost-ng-c3505905901=\"\" loading=\"eager\" alt=\"\" src=\"https:\/\/media.ghdhair.com\/images\/product\/700PDP_TechBanner_Wave_1_Right@3x_IT.jpg?v=1744963735215&amp;impolicy=FullMediaBannerLeft\" class=\"full-media-banner-image\"><\/picture><!----><!----><\/app-ghd-picture><!----><!----><\/div>\n<div class=\"full-media-banner-text-container LEFT\"><!----><!----><\/p>\n<div class=\"ng-star-inserted\">\n<h2 class=\"full-media-banner-headline ng-star-inserted\"> TEMPERATURA DI STYLING OTTIMALE <\/h2>\n<p><!----><\/div>\n<p><!----><\/p>\n<div class=\"full-media-banner-content rich-text DARK ng-star-inserted\">\n<p>Mantiene uniformemente la temperatura di 185\u00baC per un finish professionale. Con ghd Wave, ottieni onde splendide in pochi secondi, con 30% in pi\u00f9 di lucentezza\u00b3 e 2x meno crespo\u00b9.<\/p>\n<\/div>\n<p><!----><!----><!----><\/div>\n<\/div>\n<p><!----><\/app-ghd-full-media-banner><!----><!----><\/div>\n<div class=\"product-features-banner ng-star-inserted\"><app-ghd-full-media-banner class=\"ng-star-inserted\"><\/p>\n<div appghdclickable=\"\" class=\"full-media-banner-main-container DARK PX5 ng-star-inserted\">\n<div class=\"full-media-banner-media-container RIGHT\"><app-ghd-picture class=\"full-media-banner-image ng-star-inserted\"><picture class=\"ng-star-inserted\"><source srcset=\"https:\/\/media.ghdhair.com\/images\/product\/700_PDP_TechBanner_Wave_4_Left_Global.jpg?v=1743091400538&amp;impolicy=FullMediaBannerDesktop\" media=\"(min-width: 1024px)\"><img decoding=\"async\" ghdimagepolicy=\"\" _nghost-ng-c3505905901=\"\" loading=\"eager\" alt=\"\" src=\"https:\/\/media.ghdhair.com\/images\/product\/700_PDP_TechBanner_Wave_4_Left_Global.jpg?v=1743091400538&amp;impolicy=FullMediaBannerRight\" class=\"full-media-banner-image\"><\/picture><!----><!----><\/app-ghd-picture><!----><!----><\/div>\n<div class=\"full-media-banner-text-container RIGHT\"><!----><!----><\/p>\n<div class=\"ng-star-inserted\">\n<h2 class=\"full-media-banner-headline ng-star-inserted\"> ONDE DA SIRENA PERFETTE <\/h2>\n<p><!----><\/div>\n<p><!----><\/p>\n<div class=\"full-media-banner-content rich-text DARK ng-star-inserted\">\n<p>Perfetto per tutte le lunghezze di capelli, per creare <\/p>\n<\/div>\n<p><!----><!----><!----><\/div>\n<\/div>\n<p><!----><\/app-ghd-full-media-banner><!----><!----><\/div>\n<div class=\"product-features-banner ng-star-inserted\"><app-ghd-full-media-banner class=\"ng-star-inserted\"><\/p>\n<div appghdclickable=\"\" class=\"full-media-banner-main-container DARK PX5 ng-star-inserted\">\n<div class=\"full-media-banner-media-container RIGHT\"><app-ghd-picture class=\"full-media-banner-image ng-star-inserted\"><picture class=\"ng-star-inserted\"><source srcset=\"https:\/\/media.ghdhair.com\/images\/product\/700_PDP_TechBanner_Wave_6_Left_Global.jpg?v=1743092126427&amp;impolicy=FullMediaBannerDesktop\" media=\"(min-width: 1024px)\"><img decoding=\"async\" ghdimagepolicy=\"\" _nghost-ng-c3505905901=\"\" loading=\"eager\" alt=\"\" src=\"https:\/\/media.ghdhair.com\/images\/product\/700_PDP_TechBanner_Wave_6_Left_Global.jpg?v=1743092126427&amp;impolicy=FullMediaBannerRight\" class=\"full-media-banner-image\"><\/picture><!----><!----><\/app-ghd-picture><!----><!----><\/div>\n<div class=\"full-media-banner-text-container RIGHT\"><!----><!----><\/p>\n<div class=\"ng-star-inserted\">\n<h2 class=\"full-media-banner-headline ng-star-inserted\"> TESTATA E APPROVATA DAI PROFESSIONISTI <\/h2>\n<p><!----><\/div>\n<p><!----><\/p>\n<div class=\"full-media-banner-content rich-text DARK ng-star-inserted\">\n<p>&#8220;ghd Wave \u00e8 il tool che stavamo aspettando! Finalmente, ottenere onde perfette e naturali sar\u00e0 alla portata di tutti. Con la qualit\u00e0 ghd, avrai lucentezza extra, onde che durano tutto il giorno e una regolazione del calore ottimale per capelli pi\u00f9 sani.&#8221;<\/p>\n<p>\n\u2014 Dafydd Thomas, Global Director of Education<\/p>\n<\/div>\n<p><!----><!----><!----><\/div>\n<\/div>\n<p><!----><\/app-ghd-full-media-banner><!----><!----><\/div>\n<div class=\"product-features-banner ng-star-inserted\"><!----><app-ghd-video-banner class=\"ng-star-inserted\"><\/p>\n<div class=\"video-banner-main-container DARK PX5 ng-star-inserted\">\n<div class=\"video-banner-text-container BOTTOM ng-star-inserted\">\n<h2 class=\"video-banner-heading ng-star-inserted\"> COME CREARE ONDE DA SPIAGGIA PERFETTE IN POCHI MINUTI <\/h2>\n<p><!----><\/p>\n<div class=\"video-banner-body rich-text ng-star-inserted\"><\/div>\n<p><!----><!----><!----><\/div>\n<p><!----><\/p>\n<div class=\"video-banner-media-container\"><app-ghd-video class=\"video-banner-video ng-star-inserted\"><video controls=\"\" class=\"video-component video-banner-video ng-star-inserted\" preload=\"metadata\"><source src=\"https:\/\/media.ghdhair.com\/videos\/product\/700_Tech_Banner_Wave25_SBS_Global.mp4?v=1743092732919#t=0.1\" type=\"video\/mp4\"><\/video><!----><!----><!----><!----><!----><!----><\/app-ghd-video><!----><\/div>\n<\/div>\n<p><!----><\/app-ghd-video-banner><!----><\/div>\n<p><!----><\/div>\n","protected":false},"excerpt":{"rendered":"<p>Tecnologia avanzata ghd Con sensori di temperatura doppi per mantenere la temperatura ottimale di 185 \u00b0C in modo constante. Cilindri ergonomici ridisegnati 3 ampi cilindri progettati per ottenere risultati professionali su diverse lunghezze di capelli. Styling senza pieghe Bordi morbidi e curvi per evitare segni e pieghe alla radice, garantendo onde uniformi e naturali. Punta<\/p>\n","protected":false},"featured_media":5061,"template":"","meta":[],"product_cat":[45],"product_tag":[],"class_list":{"0":"post-5060","1":"product","2":"type-product","3":"status-publish","4":"has-post-thumbnail","6":"product_cat-arricciacapelli-ghd","8":"first","9":"outofstock","10":"sold-individually","11":"shipping-taxable","12":"purchasable","13":"product-type-simple"},"aioseo_notices":[],"_links":{"self":[{"href":"https:\/\/manidiforbici.it\/salone-pesaro\/wp-json\/wp\/v2\/product\/5060","targetHints":{"allow":["GET"]}}],"collection":[{"href":"https:\/\/manidiforbici.it\/salone-pesaro\/wp-json\/wp\/v2\/product"}],"about":[{"href":"https:\/\/manidiforbici.it\/salone-pesaro\/wp-json\/wp\/v2\/types\/product"}],"wp:featuredmedia":[{"embeddable":true,"href":"https:\/\/manidiforbici.it\/salone-pesaro\/wp-json\/wp\/v2\/media\/5061"}],"wp:attachment":[{"href":"https:\/\/manidiforbici.it\/salone-pesaro\/wp-json\/wp\/v2\/media?parent=5060"}],"wp:term":[{"taxonomy":"product_cat","embeddable":true,"href":"https:\/\/manidiforbici.it\/salone-pesaro\/wp-json\/wp\/v2\/product_cat?post=5060"},{"taxonomy":"product_tag","embeddable":true,"href":"https:\/\/manidiforbici.it\/salone-pesaro\/wp-json\/wp\/v2\/product_tag?post=5060"}],"curies":[{"name":"wp","href":"https:\/\/api.w.org\/{rel}","templated":true}]}}